of t.
3
Let p(h) = h**2 - h. Let y(o) = 3*o**2 - 23*o - 2. Suppose -13*z + 8*z = -20. Let x(n) = z*p(n) - y(n). List the prime factors of x(8).
2, 109
Suppose 0 = -44*m + 42*m + 286. List the prime factors of -2*(-9)/6 + m.
2, 73
What are the prime factors of (-81216)/(-48) + (-14 - 0)?
2, 839
Suppose -f - 389 = -4503. List the prime factors of f.
2, 11, 17
Suppose 4*d + 3639 = -5*j + 948, -4*d - 4*j - 2692 = 0. Let n = 1239 + d. List the prime factors of n.
5, 113
Let p = -594 + 19578. What are the prime factors of p?
2, 3, 7, 113
Let g(p) = -p**3 + 18*p**2 + 2*p - 32. Let m be g(18). Suppose m*j = 4*k + 1692, 714 = 2*j + 4*k - 132. What are the prime factors of j?
3, 47
Suppose 10*l - 14*l = 60. Let n = l - -49. Suppose 38*z = n*z + 108. What are the prime factors of z?
3
Suppose 0 = -4*m - 27*m - 9*m + 288480. What are the prime factors of m?
2, 3, 601
Suppose -5*q = 2*x + 4342 - 12309, 7966 = 5*q + x. Suppose -233*h + 230*h + q = 0. List the prime factors of h.
3, 59
Let u(x) = -x**3 - 6*x**2 - 8*x + 5. Let m = -19 - -15. Let l be u(m). Suppose 7*j - l*o = 4*j + 128, 10 = 2*o. What are the prime factors of j?
3, 17
Let t(f) = 5*f - 35. Let r be t(10). Suppose -2*w + 7*w + r = 0. What are the prime factors of 44/33 - (-2 + 107/w)?
3, 13
Suppose 0 = -15*m + 2655 + 6000. Let y = 1091 - m. What are the prime factors of y?
2, 257
Suppose 3*u - 2*u + 5*u = 149292. What are the prime factors of u?
2, 3, 11, 13, 29
Let c = 581 - -3822. What are the prime factors of c?
7, 17, 37
Let l(q) = 856*q**2 + 64*q + 104. What are the prime factors of l(9)?
2, 547
Suppose -5*p = -6*p + 2*f + 22, 126 = 5*p - 2*f. What are the prime factors of 4162/13 + 126/p + -5?
2, 5
What are the prime factors of (4/(-8))/(1/(-5))*1406?
5, 19, 37
Suppose -6*w = -462 - 642. Let t = w - 97. What are the prime factors of t?
3, 29
Let a = 40 + -88. Let o = a - -52. Suppose -o*s = -2*j - 268, 4*j + 1 - 9 = 0. What are the prime factors of s?
2, 17
Suppose -q + 2*h + 676 = 0, 0 = -2*q + h - 4*h + 1331. What are the prime factors of q/(-4)*(-276)/115?
2, 3, 67
Suppose -9*b = 4*b - 104. Suppose -2405 = -13*r + b*r. What are the prime factors of r?
13, 37
Let p(m) = -10*m - 8. Let n be p(-1). Suppose u = -3*r + 1608, -u = -5 + n. Suppose -4*v = 2*s - 5*s + r, 0 = 4*s + 4*v - 704. List the prime factors of s.
3, 59
Let u(x) = 1298 - 319 - 325 - 327 - 318 - 115*x. Let p = 1 - 3. List the prime factors of u(p).
239
Let x(m) = 43*m - 25. Let f be x(-11). Let u = 860 + f. Suppose u = 4*o + 2*i, -5*i - 92 = -o + 26. What are the prime factors of o?
3, 31
Let r be ((-110)/15 + 2/6)/(-1). Let z = r + 125. List the prime factors of z.
2, 3, 11
Suppose -3*a = -b + 19, 6*b - 2*a = 10*b - 132. Suppose 3*s + 12544 = b*s. What are the prime factors of s?
2, 7
Suppose -62*v - 302040 = -82*v. List the prime factors of v.
2, 3, 839
Suppose 237703 = 118*q - 2846345. What are the prime factors of q?
2, 3, 11
Suppose 0 = -9*g + 4028 + 202. Suppose t = -4*j + g, -4*t + 985 = -2*j - 949. What are the prime factors of t?
2, 241
Let o be (-4 + 4)/4 + (-239 - 3). Let z = 462 + o. List the prime factors of z.
2, 5, 11
What are the prime factors of (-98622*(-32)/576)/(2/8)?
2, 5479
Suppose 0 = 2*n + j - 12, -4*n + 8*j - 4 = 3*j. List the prime factors of 0 + (-2)/n - (-42651)/42.
5, 7, 29
Suppose -z + 3061 = 5*q, -12*q + 16*q - 2468 = 4*z. What are the prime factors of q?
613
Let a = 4439 + 7936. List the prime factors of a.
3, 5, 11
Let a(v) = -v - 3. Let t be a(-6). Suppose -2*g = -2*p + 76, -3*g - g - 147 = -t*p. List the prime factors of g*8/12*-1.
2, 11
Let f = -21 - -21. Suppose 4*q + 2*b - 14 + 4 = f, -3*q = -5*b - 27. Suppose q*g = -4*l + 456, -3*l + 5*g + 433 - 51 = 0. What are the prime factors of l?
7, 17
Suppose -36891 = -5*i - 3*p + 6*p, 5*p = -3*i + 22121. Suppose 0 = -4*h + 3*u + 5896, -9*u + 11*u = 5*h - i. List the prime factors of h.
7, 211
Let b(a) = 11*a**3 - a**2 - 1. Let c(g) = -2*g - 5. Let l be c(-6). Suppose 9*j = l + 2. List the prime factors of b(j).
3
Let x(q) = 31*q**3 - 2*q**2 + 41*q - 46. What are the prime factors of x(5)?
2, 3, 83
Let k be (225 + 1)/((-7)/(-217)). Suppose 0 = -13*s + k + 4603. What are the prime factors of s?
19, 47
Let i be 4/6 + 2/6*-83. Let m = -23 - i. Suppose 0 = 16*g + m*g - 1420. List the prime factors of g.
71
Suppose -2*y - 14 = -2*q, 4*y - 2*y = q - 19. What are the prime factors of 222*(y/30)/(4/(-15))?
3, 37
Let a(z) = 196*z**2 + 280*z - 2499. List the prime factors of a(9).
3, 7, 757
List the prime factors of (170/30)/((-1)/(-633)) - 8.
3, 1193
Let q(l) = 4*l**2 + 3*l. Let a be q(2). List the prime factors of 17992/a + (-5 - (-399)/77).
2, 409
Let w(o) = -119*o + 5. Let j(k) = -120*k + 4. Let b(m) = -4*j(m) + 5*w(m). Let y be b(1). What are the prime factors of 4/((-3)/12*8/y)?
2, 53
Let z(r) = r - 11. Let c be z(8). Let l = c - -102. Suppose 0 = i - 0*i - y - l, 5*i - 4*y - 490 = 0. What are the prime factors of i?
2, 47
Let p(y) = y**3 + 8*y**2 - 37*y + 6. Let f(x) = -x**2 + 5*x - 11. Let g be f(4). What are the prime factors of p(g)?
2, 157
Let p = -73 - -70. List the prime factors of (3/p*1)/((-1)/197).
197
Let u be 4/120*10*(1 + 11). List the prime factors of (-19589)/(-133) - u/14.
3, 7
Let y(b) = 45*b**2 - 12*b - 93. What are the prime factors of y(-8)?
3, 31
List the prime factors of 8067*(21 + -14 - (-10)/(-10)).
2, 3, 2689
Let q(i) = i**2 - 14*i - 3758. List the prime factors of q(-97).
43, 163
Let v = -17 + 19. Suppose 0 = -v*w + 3*t + 14, -t + 20 = 4*w - 3*t. Suppose -3*p + 64 = w*r, -2*r = -p - 0*r + 8. What are the prime factors of p?
2
Suppose -2*h = 3*v - 10, 2*h + 14*v = 18*v + 24. What are the prime factors of ((-2)/h*5)/(10/(-1240))?
5, 31
Let m(w) be the first derivative of -4 + 70/3*w**3 + 0*w**2 - w. List the prime factors of m(1).
3, 23
Let a(o) = o**2 - 7*o + 11. Let j be a(4). Let x be (3/(-4))/(j/4). Suppose -691 = -4*h - 5*v, 0*h - x*v = 5*h - 854. What are the prime factors of h?
13
Suppose -5*t - 3*m + 9 = -6, -t = m - 1. Suppose 4*p = 5*s + 124, -2*s = p - t*s - 42. Suppose r - p = -1. What are the prime factors of r?
5
Let w = -982 + 19751. What are the prime factors of w?
137
Let d(x) be the second derivative of 101*x**4/12 + 13*x**3/6 + 2*x**2 - 64*x - 2. List the prime factors of d(-4).
2, 7
Let o(h) be the third derivative of -h**6/24 + 11*h**5/60 + h**4/6 - 11*h**3/6 + 31*h**2. List the prime factors of o(-4).
7, 67
Let c(j) = 15*j**2 + 129*j**2 - 22*j + 14 + 14*j + 9*j**2. List the prime factors of c(2).
2, 5, 61
Let r(w) = 21*w + 2499 - 4899 + 2565. List the prime factors of r(17).
2, 3, 29
Let f(d) be the third derivative of -d**5/60 - d**4/3 - 3*d**3/2 + 8*d**2. Let x be f(-7). Let p(l) = -9*l - 7. List the prime factors of p(x).
11
Suppose -9*s = 10*s - 31238 - 25439. List the prime factors of s.
19, 157
Let o = -271 + 287. Suppose -4723 - 509 = -o*u. List the prime factors of u.
3, 109
Let g(f) = -30*f + 1. Let y be g(-2). Let l be (y + -3)/((2 + 0)/1). Suppose -t + 94 = -l. What are the prime factors of t?
3, 41
Suppose 3*i + 2*i = 2*b + 25, 5*i + b = 25. Suppose -9*f - o = -i*f - 1165, 2*f - o = 587. List the prime factors of f.
2, 73
What are the prime factors of (-230)/(-138)*5/(50/63564)?
2, 5297
Let z = -297 - -287. What are the prime factors of (-24)/z*1935/6?
2, 3, 43
Let x be 7860*((-16)/(-15))/((-2)/(-5)). Suppose -6*w + 22*w - x = 0. What are the prime factors of w?
2, 5, 131
Let j(v) = -6*v + 18. Suppose 0 = 4*i + 4, 3*h + 70 = -2*i - 13. Let y = 19 + h. What are the prime factors of j(y)?
2, 3, 11
Let v(d) = 142*d**2 + 91*d + 451. What are the prime factors of v(-5)?
2, 3, 197
Let u(t) = -7*t**2 - 2*t + 5. Let n(h) = 6*h**2 + h - 4. Let k(l) = -6*n(l) - 5*u(l). Let b be k(6). Let p = b + 28. What are the prime factors of p?
3, 5
Let m(y) = 4*y - 48. Let x be m(12). Let a(o) = o**3 + 7*o**2 + 7*o + 8. Let l be a(-6). Suppose -l*h = x, -45 - 79 = -t + 4*h. List the prime factors of t.
2, 31
Let v be ((-4)/10)/(((-24)/140)/6). List the prime factors of (4/v - (-975)/42)*2.
47
Let t(m) = 2*m**3 - 23*m**2 + 261*m - 214. List the prime factors of t(24).
2, 5, 409
Suppose -9*v + 7*v + 5600 = 0. Suppose 13*n - 38*n = -v. List the prime factors of n.
2, 7
Let z = -306 - -313. Suppose z*w - 4*l - 8